greatest common factor of 2187 and a?
81
Let p(u) = 2*u**3 - 2*u**2 + u + 1. Let j be p(1). Suppose -i = -58 - j. Suppose 21*t - 3*t - 2700 = 0. What is the highest common factor of i and t?
30
Suppose 143*b + 4056 - 20085 = -268*b. Calculate the highest common factor of b and 17511.
39
Let p be ((-7690)/(-20))/(2*2/(-8)). Let y = p + 782. What is the highest common divisor of y and 13?
13
Let p = 286 - 265. Suppose 1 = -w + p. What is the highest common factor of w and 4?
4
Suppose 22*q - 2710 + 840 = 0. Let v be 37/7 + (-9)/(252/8). Calculate the greatest common factor of v and q.
5
Let y = 7434 + -7214. What is the highest common divisor of y and 3?
1
Let d be 5*9 + (7 - 4)*-1. Let l = -1051 + 1149. What is the highest common divisor of d and l?
14
Let n = 616 - 370. Let j be (n*1)/2 + -3. Let q = j + -69. What is the highest common factor of q and 34?
17
Let f be (-9030)/(-455) - 3*2/(-39). Let s be (-40)/400 + 242/f. What is the greatest common factor of s and 32?
4
Let o = -15347 + 21799. What is the greatest common divisor of 4 and o?
4
Let n(p) = -21*p - 4205. Let q be n(-205). What is the highest common factor of 2825 and q?
25
Suppose -5*k + 916 = 3*j, 4*j = -224*k + 222*k + 344. What is the greatest common divisor of k and 36284?
188
Let i be ((-85)/15)/(((-112)/(-72))/(-14)). What is the greatest common divisor of i and 1088?
17
Let k be 5/10*((-14)/(-3))/(78/1404). What is the highest common divisor of 2667 and k?
21
Let j = -1542 + 1767. Let u = -55 - -145. Calculate the highest common divisor of j and u.
45
Let r = -5390 + 5478. Calculate the highest common divisor of 5588 and r.
44
Suppose 139*z - 177*z = -1596. Calculate the greatest common factor of z and 198.
6
Let a be (3 - 213/4)*16*(-57)/18. Calculate the greatest common divisor of a and 190.
38
Let t(y) be the first derivative of -9*y**2 - 66*y - 83. Let x be t(-7). What is the highest common divisor of 160 and x?
20
Let j be 280/(-60)*(1296/21)/(-9). What is the highest common factor of 1888 and j?
32
Suppose -18*d = -126 - 180. Suppose 0 = 3*k + 5*x - 1146, -21*k + d*k - x = -1511. Calculate the greatest common divisor of 13 and k.
13
Let m(v) = v**2 - 7*v + 110. Let s be m(30). Suppose 0 = 12*j + 4*j - s. What is the greatest common divisor of 950 and j?
50
Suppose 3*p + 0*c = 4*c + 1104, 5*p = 3*c + 1829. Suppose -13 + p = 13*a. Calculate the greatest common divisor of a and 9.
9
Suppose g + 15 = 5*x, g = -5*x + 2*x + 17. Suppose s = 2*q + 659, 0*s + x*q = -3*s + 1927. Calculate the highest common divisor of s and 59.
59
Suppose 3*r - o - 201 = 0, 0 = 2*r - 14*o + 11*o - 120. What is the highest common divisor of 230 and r?
23
Let q(y) = -y**3 - 9*y**2 - 14*y - 2. Let w be q(-7). Let m be (-2)/(2/w*8/(-36)). Let v be (1 - -3)/((-2)/m). What is the highest common factor of 162 and v?
18
Suppose 5*f + 75 = 4*x, x - 7*f = -4*f + 24. Let n be 372/30*x/6. Calculate the greatest common divisor of n and 62.
31
Let k(j) = -j**3 + 43*j**2 - 141*j - 185. Let g be k(39). Let u = -3 + 13. Calculate the highest common divisor of u and g.
10
Let a = -13 - -17. Suppose -68 = -4*o - a*j, -5*j - 39 = -o - 16. Suppose 2*x = -2*x + 288. Calculate the greatest common factor of x and o.
18
Suppose -4*q = -5*w + 720 + 320, 3*q + w = -799. Let u = -253 - q. What is the greatest common divisor of u and 4?
4
Let r be 4 + 11 + 15/3. Let i(s) = 10*s**2 - 2*s - 6. Let c be i(2). Calculate the highest common divisor of r and c.
10
Let n = 328 + -216. Suppose 5*w = -3*o + 21, -o - 2 = 4*w - 9. Calculate the highest common factor of o and n.
7
Let m = -3315 + 4949. Calculate the greatest common factor of m and 266.
38
Suppose -5*i + 106 + 14 = 0. Suppose -108 = 42*y - 44*y + 4*f, -3*y + f = -177. What is the greatest common divisor of y and i?
12
Let j(r) = 7*r**2 - 291. Let c be j(-33). Calculate the greatest common factor of 65 and c.
13
Let b be (-312)/(-10)*((-15)/(-10) + 1). Calculate the highest common divisor of b and 507.
39
Let y = 53 - 53. Let j be y/1*(-5)/(-10). Suppose j*g - 868 = -4*r + g, 3*g + 444 = 2*r. What is the greatest common divisor of 27 and r?
27
Let q(m) = m**3 + 2*m**2 + 30*m - 119. Let r be q(3). Calculate the greatest common divisor of 428 and r.
4
Suppose 4*x + 6822 = 6*f - 572, -2*f = 5*x - 2490. Calculate the highest common divisor of f and 195.
65
Suppose -13*g + 26 = -52. Suppose 0 = i - 3*c - 54, 320 = 5*i + c - g*c. Calculate the highest common divisor of i and 23.
23
Let o = -11261 + 11359. Calculate the greatest common factor of o and 28.
14
Let p be 2*253*((-130)/52 - -5). Calculate the highest common factor of 23 and p.
23
Let s be 27 + (-5)/(12 - 17). Calculate the highest common factor of 532 and s.
28
Suppose -45 = -2*z + 2*r + 45, 55 = z - 3*r. Suppose -10*k = -5*k - z. Suppose -19 = -k*x + 29. Calculate the greatest common divisor of x and 30.
6
Let a = -2204 - -2339. Calculate the highest common factor of 95 and a.
5
Suppose -1350*q = -1324*q - 18590. What is the greatest common divisor of q and 260?
65
Let p be 96/15 + (-2)/5. Let v(g) = 4 - 990*g + 992*g + 1. Let i be v(p). What is the greatest common divisor of 34 and i?
17
Suppose 5*a = 3*y - 371 - 822, 0 = y - 3*a - 395. Calculate the highest common factor of y and 7.
1
Let b = 11845 + -11741. Calculate the highest common factor of b and 25376.
104
Let w = 207 + -204. Let g be (6 - 5)*(1 + w)*2. What is the greatest common divisor of g and 600?
8
Suppose 4*y + 40 = 4*z, 4*z + 2*y + 45 - 133 = 0. What is the greatest common factor of z and 2172?
6
Let a = -3418 - -3760. Calculate the greatest common divisor of a and 2546.
38
Let s(y) = -y**3 + y**2 - 2*y + 10. Let n be s(-4). Suppose -2*b + 372 + n = 0. What is the highest common factor of b and 94?
47
Suppose 2 = s - 4*z, 4*z = 5*s - 7*s + 4. Suppose -2*w + 5*a = -3*w + 24, -48 = -2*w - s*a. What is the highest common factor of w and 216?
24
Let z(c) = 2*c**2 - c. Let l be z(6). Suppose -531*q + 529*q = -t + 100, -4*t - q + 346 = 0. What is the highest common divisor of t and l?
22
Let n = 79 + -72. Let j(h) = -h**2 + 6*h + 26. Let s be j(n). Suppose s*d - 70 = 12*d. Calculate the highest common divisor of 40 and d.
10
Let b(a) = -a**3 + 10*a**2 + 7*a + 9. Let u be b(12). Let n = 229 + u. Let s be (-906)/(-54) + (-4)/(-18). What is the greatest common divisor of s and n?
17
Let q = -432 + 437. Let y be 12 - ((-10)/q)/(-2). What is the greatest common divisor of 33 and y?
11
Let q(u) = 15*u + 663. Let k be q(-21). Calculate the highest common divisor of k and 29.
29
Suppose 3*o - 79 = -3*s + 131, -2*s + 208 = 3*o. Let k = -125 + o. Let h = 75 + k. What is the greatest common divisor of 2 and h?
2
Let t = 62 + 29. Suppose 84*a - t*a + 1050 = 0. Calculate the greatest common factor of a and 30.
30
Let q(g) = -g**3 - 4*g**2 + 15*g + 26. Let m be q(-6). Let a(v) = -4*v**3 + v**2 - 2*v + 1. Let d be a(-5). What is the greatest common divisor of d and m?
8
Let h = 2138 + -1949. Calculate the highest common divisor of h and 210.
21
Let j be 18*(-3)/(18/(-28)). Let m be -99*7/14*(-4 - 0). Suppose -m*v + 197*v - 5*s + 7 = 0, s - 47 = -4*v. Calculate the greatest common factor of j and v.
12
Let d be (1 - 60/42) + (-7 - (-70200)/42). Calculate the greatest common factor of d and 2432.
128
Suppose -21*i + 2182 + 2816 = 0. Suppose i = 8*d - 90. What is the greatest common factor of 1 and d?
1
Let m(v) = -9*v - 3. Let d be m(-4). Suppose -3*n + 166 = 5*z - d, -3*n + 2*z + 185 = 0. Let h = -62104 + 62111. Calculate the highest common factor of h and n.
7
Suppose 5*a + 30 = 0, -5*n + 9*a = 6*a - 743. Calculate the highest common divisor of n and 1044.
29
Let t = 480 + 520. Let k be 72/126 - t/(-14). What is the greatest common factor of 16 and k?
8
Suppose -66*u + 82*u + 8336 = 0. Let s = u + 535. What is the greatest common factor of s and 22?
2
Suppose 10*a - 6*a = -5*c + 6804, -4*c = -2*a - 5464. Calculate the highest common factor of c and 44.
44
Let r(g) = g**3 + 4*g**2 + 19*g - 74. Let n be r(6). Suppose -3*k + n = 2*k. Calculate the highest common divisor of k and 30.
10
Let r be 70/(-15)*9/(-6). Suppose -5*q = r - 117. What is the highest common divisor of 88 and q?
22
Suppose -3*i - 597 = 3*q, -2*i - 10 = -8. Let r = q - -224. Calculate the greatest